) = 6*b**2 + 204*b - 110. Calculate the remainder when 2099 is divided by j(-35).
99
Suppose -6*j - 1200 = -0*j. Let z = j - -329. Calculate the remainder when z is divided by 19.
15
Let g = -1343 - -1966. What is the remainder when g is divided by 121?
18
Suppose -3*y + 457 + 197 = 0. Suppose -119*u + 116*u = -39. Calculate the remainder when y is divided by u.
10
Suppose -18*d + 7*d + 684 = 8*d. What is the remainder when 394 is divided by d?
34
Suppose 2*x - 4*v + 3*v = 38, -x + 5*v = -37. Calculate the remainder when -2 + (57/(-38))/((-3)/66) is divided by x.
14
What is the remainder when 740 is divided by (-49)/35*(13 + -188)?
5
Let j = -11648 + 11655. What is the remainder when 1986 is divided by j?
5
Let x(b) = -127*b**2 - 5*b + 1. Let z be x(-1). Calculate the remainder when 1308 is divided by (-1 - 33)*(z/22)/11.
16
Let w(o) = -o**3 + 14*o**2 - 21*o - 14. Suppose -18*a + 48 = -14*a. Suppose 0 = -3*h + 32 + 229. Calculate the remainder when h is divided by w(a).
21
Suppose 0 = -3*a, 47*l - 42*l - 15 = 5*a. Let d = 49 - 26. Let u = d - 19. Calculate the remainder when u is divided by l.
1
Suppose -6*p + 53 = -37. Suppose 10*r - 15*r = -3*n + 223, 5*r - 132 = -2*n. What is the remainder when n is divided by p?
11
Let q(h) = -4*h**3 - 20*h - 27. What is the remainder when 1209 is divided by q(-4)?
282
Let d be 2*2 - 42/21. Suppose -d*b - 48 = h - 385, 3*b - 5*h - 473 = 0. Calculate the remainder when b is divided by 14.
12
Suppose -5*p - 15 = -5*q, -4*q + 9 + 3 = 0. What is the remainder when (-24)/(-84) + (-1420)/(-28) is divided by (p + -7)*144/(-56)?
15
Let l = -121 + 123. Let v be (-175)/(-63) + 2/9 + -2. Calculate the remainder when v - 3304/(-16) - 1/l is divided by 35.
32
Let r(z) = -9*z**2 - 173*z - 4. Suppose x - 25 + 10 = 0. Calculate the remainder when r(-18) is divided by x.
14
Suppose 62*j - 1708 = 152. Calculate the remainder when 170 is divided by j.
20
Let s(u) = 11*u - 109. Calculate the remainder when s(27) is divided by 14.
6
Let n = 7998 + -7975. Calculate the remainder when 451 is divided by n.
14
Suppose 8*q = 3*q + 15. Suppose -15 = -y - q. Suppose 0 = 582*k - 584*k + 116. What is the remainder when k is divided by y?
10
Suppose 0 = 2*d, -3*d + 1070 = 5*h - 6*d. What is the remainder when h is divided by 816/19 - ((-1056)/209 + 5)?
42
Suppose 282*v + 3838 = 320*v. Calculate the remainder when 398 is divided by v.
95
Suppose 3*k + 26 = 2*o + 89, -5*k - 4*o + 127 = 0. Let j = -11 - -169. What is the remainder when j is divided by k?
20
Suppose 5*t - 791 = -271. Suppose -2*m + 4*m - 2*f = -188, -281 = 3*m - 4*f. Let w = m + t. What is the remainder when 43 is divided by w?
7
Suppose 48 = -2*f - 2*p + 12, 0 = -3*f - p - 54. Calculate the remainder when (27/f)/(15/(-6710)) is divided by 28.
27
Suppose 100 = -2*q + 2*o, -o = 3*q - 47 + 189. Let w = -42 - q. Let x = w - -5. Calculate the remainder when 20 is divided by x.
9
Let k = -6200 + 6222. Calculate the remainder when 3*(-7)/(14/(-72)) is divided by k.
20
Suppose -g - 25 = 3*q - 0*g, 3*q = -3*g - 15. Let o = -3 - q. Suppose -5*z - t = -o - 121, -88 = -3*z + 5*t. What is the remainder when 76 is divided by z?
24
Calculate the remainder when 4017 is divided by 0 + -205*(-6)/15.
81
Suppose 88*j = 4*h + 90*j + 30, 33 = -2*h + 5*j. Let s(n) = 21*n + 201. What is the remainder when (69*1 - -2) + 0 is divided by s(h)?
11
Let d = 14 + -8. What is the remainder when 42/(-2)*(-16)/d is divided by 147/(-28)*(-20)/7?
11
Let x = 3000 - 2977. What is the remainder when 770 is divided by x?
11
Let n(h) = -24*h + 667. What is the remainder when n(21) is divided by 74?
15
Suppose -5*k = g - 1548, 29*k + 318 = 30*k - 4*g. Calculate the remainder when k is divided by 137.
36
Suppose 684*g + 73935 = 839*g. Calculate the remainder when g is divided by 273.
204
Suppose -155*a + 180491 - 173614 = -309943. Calculate the remainder when a is divided by 20.
4
Let s be (1 - 0 - (-31 + 582))*1. Let t = 560 + s. What is the remainder when 16 is divided by t?
6
Let o(u) = u**3 + 83*u**2 + 145*u - 553. Calculate the remainder when o(-81) is divided by 23.
19
Let z = -12483 + 12490. What is the remainder when 269 is divided by z?
3
Let f = 3021 + -2963. What is the remainder when 214 is divided by f?
40
Suppose 7152 = 147*o + 151*o. Calculate the remainder when 34365 is divided by o.
21
Let r(f) = f + 3. Calculate the remainder when 408/(-20)*(3 + -1 - 7) is divided by r(12).
12
Let l(f) = 2*f**2 - 3*f + 4. Let r(v) = 5*v**2 - 6*v + 8. Let x(t) = -13*l(t) + 6*r(t). Calculate the remainder when 79 is divided by x(3).
38
Suppose 12*m + 2 = 13*m - 2*g, -g + 29 = 2*m. Suppose k + 3 = 4*q, -2*k + 7 = k - 4*q. What is the remainder when m is divided by k?
2
Suppose -3*h + 6*h = 9, 0 = 4*g + h - 207. Suppose -4*m = z - 864, 2*m + 2*z = 283 + 155. What is the remainder when m is divided by g?
11
Suppose 4*h - 7*y = 126, 5*h + y - 22 = 77. What is the remainder when 1889 is divided by h?
20
Suppose 19*t - 608 = 23*t. Calculate the remainder when 106 is divided by 20/(t/24 - -7).
16
Let y(m) = -5*m**2 + 395*m - 285. Calculate the remainder when 603 is divided by y(78).
78
Suppose -197*n + 181*n = -176. Suppose 5*y = 3*j + 102, 5*y + 4*j = 3*y + 46. Calculate the remainder when y is divided by n.
10
What is the remainder when 1119 is divided by 280/(-42)*42/(-8)?
34
Let r(m) = 2*m**2 - 14*m + 15. Suppose 0*n + 5*n - 4*i - 193 = 0, -3*n - 2*i + 107 = 0. Suppose n = v - 3. Calculate the remainder when v is divided by r(7).
10
Let x(t) = 199*t**2 - 196*t - 388. Calculate the remainder when x(-2) is divided by 799.
1
Suppose -3*x + 10 = -101*m + 100*m, 34 = 5*m - 3*x. Suppose -f = 3*f - 12. What is the remainder when m is divided by f?
2
Let c(u) = 58*u - 59*u + 25 + 1 + 10. Suppose 0 = -t + 2*t + 7. What is the remainder when c(t) is divided by 15?
13
Suppose -6*o + 604 + 14 = 0. Let b = o + -101. Let s(j) = -j**2 - 4*j + 2. Calculate the remainder when b is divided by s(-4).
0
Calculate the remainder when (-23 - -1123)*(-1 + 13/5) is divided by 61.
52
Let x = -10969 - -11060. What is the remainder when 134 is divided by x?
43
Let a = 463 - 500. Calculate the remainder when a + 38 - (-326)/2 is divided by 11.
10
Let s(f) be the third derivative of -11*f**2 - 7/24*f**4 + 0*f + 0 - 5/3*f**3. Calculate the remainder when s(-10) is divided by 9.
6
Let v = 6036 + -5913. What is the remainder when 491 is divided by v?
122
Let k = 1 - -3. Suppose -3*y + k*g + 25 = 0, 4*g = 4*y + g - 38. What is the remainder when (-1 - ((-864)/30 - 8)) + 4/(-5) is divided by y?
2
Let v = -8 + 11. Let o be 0/3 - (-376 + v). Suppose -5*b + 108 = -4*f + o, -5*f + 341 = -3*b. What is the remainder when f is divided by 24?
22
Let d(i) = i**3 + 14*i**2 + 7*i - 38. Let r be d(-11). Suppose 260*w = 256*w + r. What is the remainder when w is divided by 21?
20
Let c(b) = 26*b**2 + 19*b + 16. Suppose 0 = -6*v + 2057 - 557. Calculate the remainder when v is divided by c(-1).
20
Suppose 23*j - 418 - 778 = 0. Calculate the remainder when 563 is divided by j.
43
Suppose 0 = 3*k + 116 + 40. Let r(n) = n**3 + 7*n**2 - 2*n + 7. What is the remainder when r(-7) is divided by 100/26 + (-8)/k?
1
Let z(y) = 4*y**2 + 2*y - 2. Let t be z(-1). What is the remainder when t/(-3) + (33 - 20) is divided by 3?
1
Let o = 1294 + -1183. What is the remainder when o is divided by 23?
19
Let r be (6/(-4))/((-99)/3234). Let k = -38 + r. Suppose a = -3*w + 50, 1 = -2*a + k. Calculate the remainder when 59 is divided by w.
14
Let y(k) = -2476*k - 14138. Calculate the remainder when y(-6) is divided by 39.
16
Suppose 11*u = 626 + 45. What is the remainder when 191 is divided by u?
8
Let n = 130 + -130. Suppose 4*a - 716 + 100 = n. Calculate the remainder when a is divided by 13.
11
Suppose 0 = 4*v - 40*i + 43*i - 37, 0 = -4*v + 5*i + 77. Suppose q = -4*q + 15. Suppose -q*h + 204 = h. Calculate the remainder when h is divided by v.
12
Let l be 41*7 - (46 + -43). Suppose -17*t + l = -16*t. What is the remainder when t is divided by 18?
14
Let w(j) = -916*j - 3280. Calculate the remainder when w(-9) is divided by 23.
19
Let p(h) = 10*h**2 - 396*h + 176. What is the remainder when p(42) is divided by 110?
84
What is the remainder when (6/(-4) - -2)/((-2)/(-68)) is divided b